{"id":1025,"date":"2021-04-13T13:44:22","date_gmt":"2021-04-13T13:44:22","guid":{"rendered":"http:\/\/walnutline.com\/?post_type=product&#038;p=1025"},"modified":"2021-04-14T11:36:26","modified_gmt":"2021-04-14T11:36:26","slug":"walnut-kernels-50g","status":"publish","type":"product","link":"http:\/\/walnutline.com\/index.php\/product\/walnut-kernels-50g\/","title":{"rendered":"MIEZ DE NUCI 50g (Cu sare)"},"content":{"rendered":"<div class=\"woocommerce-tabs wc-tabs-wrapper\">\n<div id=\"tab-description\" class=\"woocommerce-Tabs-panel woocommerce-Tabs-panel--description panel entry-content wc-tab\" role=\"tabpanel\" aria-labelledby=\"tab-title-description\">\n<p>Miez de nuci de o nuan\u021b\u0103 frumos g\u0103lbuie, din livada noastr\u0103 la casa ta, sigilate pentru cel mai proasp\u0103t gust. V\u0103 rug\u0103m s\u0103 p\u0103stra\u021bi produsul \u00eentr-un loc uscat, ferit de lumin\u0103. Copiii se pot sufoca \u00eenghi\u021bind nuci. Acesta e un produs natural. \u00cen ciuda controalelor repetate, chiar dac\u0103 sunt ambalate cu aten\u021bie, obiectele str\u0103ine (reziduuri de coaj\u0103 \u0219i altele) nu pot fi complet evitate. Produs \u00een Moldova.<\/p>\n<\/div>\n<\/div>\n<section class=\"related products\"><\/section>\n","protected":false},"excerpt":{"rendered":"<div class=\"woocommerce-product-details__short-description\">\n<p>Miez de nuci, frumoase, g\u0103lbuie, sigilate pentru cel mai proasp\u0103t gust.<\/p>\n<\/div>\n","protected":false},"featured_media":1019,"comment_status":"open","ping_status":"closed","template":"","meta":[],"class_list":["post-1025","product","type-product","status-publish","has-post-thumbnail","hentry","product_cat-uncategorized","product_tag-walnut","product_tag-walnut-halves","product_tag-walnut-kernels"],"_links":{"self":[{"href":"http:\/\/walnutline.com\/index.php\/wp-json\/wp\/v2\/product\/1025","targetHints":{"allow":["GET"]}}],"collection":[{"href":"http:\/\/walnutline.com\/index.php\/wp-json\/wp\/v2\/product"}],"about":[{"href":"http:\/\/walnutline.com\/index.php\/wp-json\/wp\/v2\/types\/product"}],"replies":[{"embeddable":true,"href":"http:\/\/walnutline.com\/index.php\/wp-json\/wp\/v2\/comments?post=1025"}],"wp:featuredmedia":[{"embeddable":true,"href":"http:\/\/walnutline.com\/index.php\/wp-json\/wp\/v2\/media\/1019"}],"wp:attachment":[{"href":"http:\/\/walnutline.com\/index.php\/wp-json\/wp\/v2\/media?parent=1025"}],"curies":[{"name":"wp","href":"https:\/\/api.w.org\/{rel}","templated":true}]}}